actor of l and y?
12
Suppose 5*a - 10*a = -3*k + 4, -2*a + 5*k = -6. Let p(j) = -9*j - 4. Let d be p(a). Calculate the greatest common factor of d and 238.
14
Suppose -108*g + 385 = -0*g - 695. Calculate the highest common divisor of g and 3370.
10
Let h be 1367/7 + 2/(-7). Let i = 34472 - 34433. What is the greatest common factor of h and i?
39
Let t be 6/(-4)*-10 - (171/(-9) + 12). What is the greatest common factor of t and 118?
2
Suppose -8*c + 5*s - 49 = -5*c, -3*s + 15 = 0. Let a be 1/c + (-5283)/(-24). What is the highest common factor of a and 60?
20
Let s be 3 + 179/4 - 222/296. What is the highest common divisor of 846 and s?
47
Suppose 23 + 238 = 3*a. Let z(k) = -k**2 + k + 364. Let c be z(-17). What is the greatest common divisor of c and a?
29
Suppose 4*x + 9 - 3 = -2*i, 5*x + 5*i - 5 = 0. Let h = 72 + x. Let l = 95 - h. What is the greatest common factor of l and 3?
3
Let l = 2664 - 2594. Calculate the greatest common divisor of l and 182.
14
Let z(t) = -t**3 - t**2 - 3*t + 3. Let v be z(2). Let i be (-1 - (-35)/v)*-3. Suppose 13*n = i*n + 21. Calculate the greatest common divisor of n and 2.
1
Suppose -4*b + 2949 = -5*r, 3*b + 37*r - 2235 = 33*r. What is the highest common factor of b and 3211?
247
Let w(q) = 10*q**2 - 6*q + 4. Let r be w(-4). Let l = r + -140. What is the highest common divisor of 32 and l?
16
Let d(w) be the first derivative of 2*w**2 + 210*w - 42. Let c be d(-33). What is the highest common divisor of c and 30?
6
Suppose -34 = -n - 5*q, 3*q - 96 + 14 = -2*n. Suppose -n*b + 1391 = -10005. What is the greatest common factor of 37 and b?
37
Let t = 589 - 493. Suppose -704 + t = -19*v. What is the greatest common factor of 32 and v?
32
Let a = 782 + -375. Suppose -16*j = 3*j - 1406. Calculate the greatest common factor of a and j.
37
Let d be (458/1603)/(2/196). Let n = 256 - 116. Calculate the greatest common factor of n and d.
28
Let u(z) = z**3 - 61*z**2 - 62*z + 77. Let l be u(62). What is the greatest common divisor of l and 1023?
11
Suppose d + 35 = 2*t + 6*d, -t + 30 = 5*d. Suppose 0 = -t*n - 0*n - 5*m + 80, 5*m + 28 = n. Calculate the highest common divisor of 66 and n.
6
Let m(a) = 12*a**3 + 2*a**2 - 1. Let y be m(1). Suppose 29*t + 111*t + 38*t - 25454 = 0. Calculate the greatest common divisor of y and t.
13
Let q be (-11 + 10)*177/(-3 + 0). Suppose 0 = 46*x - q*x + 2002. Calculate the highest common factor of 22 and x.
22
Let k be 1812*1/(14/(-3) - -6). Calculate the greatest common divisor of 302 and k.
151
Let z be ((-16)/(-64))/((-4)/32). Let k be (4 - (-144)/(-30))/(z/435). What is the greatest common factor of k and 6?
6
Let v(u) = 2*u + 6. Let d = -27 - -31. Let c be v(d). Suppose c = -o + 17. Calculate the greatest common divisor of o and 36.
3
Suppose -s + 19 = v, -4*v + 4 = s - 0*v. Suppose 232696 = 1384*l - 581096. What is the highest common factor of s and l?
12
Let t(a) = 241*a + 8211. Let v be t(-34). Let j be (2/(-4))/(4/1784). Let l be 4/(-1 - 1) - j. What is the greatest common factor of v and l?
17
Suppose 4 = s + 1. Let h be ((-9)/(-4))/((-77)/44 - -2). Suppose 6 = 2*w, -2*w = -s*m + 3*w - h. What is the greatest common factor of m and 16?
2
Suppose -13*p - 5080 = 7*p. Let f be (6612/(-50))/(-3) + p/3175. What is the greatest common factor of 308 and f?
44
Let a = 618 - 409. Suppose p + 4*r = -22, -3*p - 14458*r + 14454*r + 22 = 0. Calculate the greatest common factor of p and a.
11
Suppose -7*y + 14*y = 581. Let t = 91 - y. What is the highest common factor of t and 200?
8
Let l = 36 + -14. Let p be l*((-105)/6)/(-7). Suppose p = 2*z + 3*z. What is the highest common factor of 55 and z?
11
Suppose 67*q - 13446 = -u + 68*q, u = 3*q + 13458. What is the greatest common divisor of u and 20?
20
Suppose -2*x + 11268 = 2*u, -5*x = 4*u - 8847 - 13695. Calculate the highest common divisor of 60 and u.
12
Let u be (-111)/(-2) + (-1)/(-2). Let x(r) = -3436*r - 37726. Let z be x(-11). Calculate the highest common factor of z and u.
14
Suppose v = m + 5*v - 17711, m = -3*v + 17715. Suppose -m = -33*d - 2415. What is the highest common factor of d and 29?
29
Let d = -106 + 106. Suppose 13*c + 3 - 16 = d. Calculate the greatest common factor of c and 11.
1
Suppose 31*p = -17413 + 6067. Let v = p - -388. Let i(q) = q**3 - 3*q**2 + 3*q + 5. Let r be i(4). What is the greatest common factor of v and r?
11
Let n = 12388 + -10381. What is the highest common factor of n and 9?
9
Let l(h) = -h**3 + 107*h**2 + 206*h - 2. Let t be l(-2). Let j = -48 + 70. What is the greatest common factor of t and j?
22
Let l(b) = 2*b**2 + 61*b - 1186. Let m be l(-54). What is the highest common factor of 16 and m?
8
Suppose -9*t + 1126 = 2*k, 5*t - 30*k - 640 = -34*k. Calculate the greatest common factor of 7998 and t.
62
Suppose 4*k = 16, 4*w + 48*k - 100 = 44*k. Let y = -17 - 3. Let f be 567/45*y/(-6). Calculate the highest common factor of w and f.
21
Suppose 0 = u + w - 382, 4*w + 257 = u - 140. Suppose -18*p = -13*p - 3*i - u, 5*p = -4*i + 350. Calculate the highest common factor of 37 and p.
37
Suppose 77 = 61*s + 16. Calculate the highest common divisor of s and 53.
1
Suppose -s - s + 160 = 0. Let p = 1829 + -1729. Calculate the greatest common factor of s and p.
20
Let l(r) = -56*r - 3531. Let z be l(-69). Calculate the greatest common factor of 296 and z.
37
Let f(q) = -q**2 + 59*q - 482. Let y be f(49). What is the greatest common factor of 2152 and y?
8
Let v = 492 + -530. Suppose 3*x = -o + 84, 5*x - 24 = -4. Let i = o + v. What is the greatest common factor of 306 and i?
34
Let y = -4182 - -4504. Calculate the highest common factor of 1012 and y.
46
Let z = 9357 + -9338. Calculate the highest common divisor of 3 and z.
1
Suppose -5*w = 2*f, -3*w - f + 5 = 2*w. Suppose -w*p = -8*p + 10*p. Suppose p = 7*j - 90 + 20. What is the greatest common divisor of j and 20?
10
Let b = 412 - -44. Let q be 2*(-108)/42*14/(-3). Calculate the highest common divisor of q and b.
24
Let k(z) = -z**3 - 14*z**2 - 10*z + 1. Let j be k(-13). Let w = 50 + -118. Let y = j - w. What is the greatest common divisor of y and 10?
10
Let n = 123 - 19. What is the highest common factor of n and 832?
104
Let p(i) = i**2 + 55*i + 672. Let h be p(-43). Calculate the highest common divisor of h and 2236.
52
Suppose -5*p = 9*i - 12*i + 668, 4*i - 3*p = 876. What is the highest common factor of 80 and i?
8
Suppose -4*y - 4*z = 4, -15 = -y - 5*z + 8*z. Suppose -4*x = 7*c - 2244, -y*x = 2*x + 5*c - 2820. Calculate the greatest common divisor of x and 71.
71
Let q be -3*(0 - (2 + -3)) - -51. Let c(w) = 2*w**2 + 2*w. Let s = 5 - 3. Let l be c(s). What is the greatest common factor of l and q?
12
Let z be (-1)/(7/(-26 - 2)). Suppose -w - f + 57 = 2*w, -z*w + 75 = f. What is the highest common factor of w and 24?
6
Suppose 3*l - 14 = -4*s, 4*s = 5*l + 15 + 15. Suppose w - 40 = -3*w - s*m, 0 = -5*w - m + 29. Let i = -5 + 6. What is the highest common factor of w and i?
1
Suppose 234*u = 229*u + 10. Suppose 0 = -u*f - 34 + 60. Suppose -3*y = 2*h - 194, 0*h = 3*h + 2*y - 281. Calculate the highest common divisor of h and f.
13
Let g be 3/(-6)*-9*14. Let y = -142 - -149. Let j be (-8 - -9)/(1/y). What is the highest common factor of g and j?
7
Suppose -30 - 63 = -3*n. Let u be (-20 + 1)/(-1 + 180/186). Calculate the highest common factor of n and u.
31
Suppose -3*x + 248 = 2*g, 5*x + 0*g - 4*g = 406. Let w be (-1025)/x*8/(-10). Calculate the greatest common factor of 410 and w.
10
Suppose 3*a + 4 + 38 = x, 0 = 5*x - 5*a - 250. Suppose -b + 3*g - 145 = -235, 0 = -5*b + 3*g + 450. What is the greatest common divisor of x and b?
18
Suppose -200 = -7*u + 3*u. Let x = 100 - 103. Let i be (-5)/(30/(-4) - x - -4). What is the highest common divisor of u and i?
10
Let a = 745 - 649. Suppose a*t = 102*t - 90. Calculate the highest common factor of 480 and t.
15
Let l(s) = -2*s**3 + 2*s**2 - 4*s + 6072. Let q be l(0). Let f be q/77 + 48/42. What is the highest common factor of f and 120?
40
Suppose 7280 = -83*s + 111*s. What is the highest common divisor of 160 and s?
20
Suppose 805 - 13117 = -38*y. What is the highest common divisor of 288 and y?
36
Let u be (-20)/(-8)*5*30. Let j = 153 + u. Calculate the highest common divisor of 16 and j.
16
Let y(a) = -a*